{"id":11,"date":"2017-09-20T19:22:39","date_gmt":"2017-09-20T19:22:39","guid":{"rendered":"http:\/\/sites.warnercnr.colostate.edu\/jklein\/?page_id=11"},"modified":"2019-11-02T05:57:15","modified_gmt":"2019-11-02T05:57:15","slug":"publications","status":"publish","type":"page","link":"https:\/\/sites.warnercnr.colostate.edu\/jklein\/publications\/","title":{"rendered":"Publications"},"content":{"rendered":"<div class=\"wpb-content-wrapper\"><p><img loading=\"lazy\" decoding=\"async\" class=\" wp-image-240 alignleft\" src=\"https:\/\/sites.warnercnr.colostate.edu\/jklein\/wp-content\/uploads\/sites\/108\/2019\/11\/publications-300x300.jpg\" alt=\"\" width=\"318\" height=\"318\" srcset=\"https:\/\/sites.warnercnr.colostate.edu\/jklein\/wp-content\/uploads\/sites\/108\/2019\/11\/publications-300x300.jpg 300w, https:\/\/sites.warnercnr.colostate.edu\/jklein\/wp-content\/uploads\/sites\/108\/2019\/11\/publications-150x150.jpg 150w, https:\/\/sites.warnercnr.colostate.edu\/jklein\/wp-content\/uploads\/sites\/108\/2019\/11\/publications-768x768.jpg 768w, https:\/\/sites.warnercnr.colostate.edu\/jklein\/wp-content\/uploads\/sites\/108\/2019\/11\/publications-1024x1024.jpg 1024w, https:\/\/sites.warnercnr.colostate.edu\/jklein\/wp-content\/uploads\/sites\/108\/2019\/11\/publications-100x100.jpg 100w, https:\/\/sites.warnercnr.colostate.edu\/jklein\/wp-content\/uploads\/sites\/108\/2019\/11\/publications.jpg 1181w\" sizes=\"auto, (max-width: 318px) 100vw, 318px\" \/><\/p>\n<div class=\"header\">\n<h3><\/h3>\n<h3>Selected Publications<\/h3>\n<\/div>\n<div class=\"content\">\n<div id=\"pubs-content\">\n<p><a href=\"https:\/\/scholar.google.com\/citations?user=c8cOUoIAAAAJ&amp;hl=en\" target=\"_blank\" rel=\"noopener noreferrer\">Google Scholar Citations Site<\/a><\/p>\n<p><strong>Klein, J.A.,<\/strong>Tucker, CM, Nolin, Hopping, KA, Reid, RS, Steger, C. Gr\u00eat-Regamey, A., Lavorel, S., Weibel, B., Brunner, SH, M\u00fcller, B., Yeh, ET., Boone, RB, Bougeron, P., Bustic, V., Castellanos, E., Chen, X., Dong, SK, Greenwood, G., Keiler, M., Marchant, R.,\u00a0 Roman Seidl, R., Spies, T., Thorn, J., Yager, K. and the Mountain Sentinels Network.\u00a0 (2019) Catalyzing Transformations to Sustainability in Mountain Social-Ecological Systems.\u00a0\u00a0<em>Earth&#8217;s Future. 7(5): 547-557.\u00a0<\/em><a href=\"https:\/\/doi.org\/10.1029\/2018EF001024\">https:\/\/doi.org\/10.1029\/2018EF001024<\/a><\/p>\n<p><strong>Klein, J.A.,<\/strong>M. Tucker, A. Nolin, R. Reid, E.T. Yeh, K.A. Hopping, M.S. Pradhan, A. Taber, D. Choudhury, D. Molden, Rucha Ghate, I. Alc\u00e1ntara-Ayala, S. Lavorel, B. M\u00fcller, A. Gr\u00eat-Regamey, R. Boone, P. Bougeron, E. Castellanos, X. Chen, S.K. Dong, M. Keiler, R. Seidl, K. Yager.\u00a0 2019. Lessons for Building Resilience to Disasters from the 2015 Nepalese Earthquakes.\u00a0\u00a0<em>Environmental Science &amp; Policy.\u00a0<\/em><strong>94:<\/strong>143-152.<em>\u00a0<\/em><a href=\"https:\/\/doi.org\/10.1016\/j.envsci.2018.12.034\"><em>https:\/\/doi.org\/10.1016\/j.envsci.2018.12.034<\/em><\/a><\/p>\n<p>Cuni-Sanchez, A., A.S.K. Ngutec, B. Sonk\u00e9d, M.N Saingee, N.D. Burgess, <strong>A. Klein<\/strong> and R. Marchant (2019). The importance of livelihood strategy and ethnicity in forest ecosystem services\u2019 perceptions by local communities in north-western Cameroon. <em>Ecosystem Services<\/em>, 40, 101000. <a href=\"https:\/\/doi.org\/10.1016\/j.ecoser.2019.101000\">https:\/\/doi.org\/10.1016\/j.ecoser.2019.101000<\/a><\/p>\n<p>Knapp, C., Reid, R., Fernandez-Gimenez, M. <strong>Klein, J.A<\/strong>., and Galvin, K. (2019). Placing Transdisciplinarity in Context: A Review of Approaches to\u00a0Connect Scholars, Society &amp; Action.\u00a0 <em>Sustainability<\/em>.\u00a0 11(18), 4899.<\/p>\n<p>Tsechoe Dorji, Kelly A. Hopping, Shiping Wang Shilong Piao, Tenzin Tarchen, <strong>Julia A. Klein<\/strong><sup>.\u00a0<\/sup>Spring snow and grazing mediates warming effects on plant community via dominant plants on meadows of Tibet. 2018.\u00a0<em>Agricultural and Forest Meteorology<\/em>263:188-197.<\/p>\n<p>Bjorkman, A.D., Myers-Smith I.H., Elmendorf S.C + many others, including <strong>J.A. Klein<\/strong>. 2018. Plant functional trait change across a warming tundra biome.<em>Nature<\/em>.\u00a0<a href=\"https:\/\/doi.org\/10.1038\/s41586-018-0563-7\">https:\/\/doi.org\/10.1038\/s41586-018-0563-7<\/a><\/p>\n<p>Hopping, K.A., A.K. Knapp T. Dorji,<strong> J<\/strong>.<strong>A. Klein<\/strong>. (2018<em>)<\/em>Loss of ecosystem services with warming is amplified by land-use policy in Tibet.\u00a0\u00a0<em>Global Change Biology,\u00a0<\/em>1-15,<em>\u00a0<\/em>DOI: 10.1111\/gcb.14417<\/p>\n<p>Yang, Y., Hopping, K.A., Wang, G., Chen, J., Peng, A., and <strong>J.A. Klein<\/strong>\u00a0(<em>2018<\/em>). Permafrost and Drought Regulate Vulnerability of Tibetan Plateau Grasslands to Warming.\u00a0\u00a0<em>Ecosphere.<\/em>\u00a09(5):e02233. 10.1002\/ecs2.2233<\/p>\n<p>Jiang S., Pan J., Shi G., Dorji T., Hopping K.A.,\u00a0<strong>Klein, J.A<\/strong>., Liu Y., Feng H. (2018) Identification of root-colonizing AM fungal communities and their responses to short-term climate change and grazing on the Tibetan Plateau.\u00a0<em>Symbiosis<\/em>74(3):159-166.\u00a0\u00a0<a href=\"https:\/\/doi.org\/10.1007\/s13199-017-0497-0\">https:\/\/doi.org\/10.1007\/s13199-017-0497-0<\/a><\/p>\n<p>Li, J., Zhao, X., Ma, Z.,\u00a0<strong>Klein, J.,\u00a0<\/strong>Zhou, H., Willis, C. (2017) Recovery of plant species diversity during long-term experimental warming of a species-rich alpine meadow community on the Qinghai-Tibet plateau.\u00a0<em>Biological Conservation<\/em>. (213): 218-224<\/p>\n<p>Dorji, T., SR Moe, <strong>J.A. Klein<\/strong>, S.Wang, O.Totland.(2017) Performance of two alpine plant species along environmental gradients in an alpine meadow ecosystem in central Tibet.\u00a0<em>Ecological Research<\/em>.\u00a0 31(3): 417-426.<\/p>\n<p>Hopping, K.A., C. Yangzong, <strong>J.A. Klein<\/strong>(2016) Local knowledge production, transmission, and the importance of village leaders in a network of Tibetan pastoralists coping with environmental change.\u00a0<em>\u00a0Ecology &amp; Society\u00a0<\/em>21(1):25.<\/p>\n<p>La Pierre, K.J., D.M. Blumenthal, C.S. Brown, <strong>J.A. Klein<\/strong>, M.D. Smith. (2016.) Drivers of variation in ANPP differ across a broad precipitation gradient.\u00a0<em>Ecosystems. DOI: 10.1007\/s10021-015-9949-7<\/em><\/p>\n<p>Seabloom, EW, Borer ET, Buckley YM, Cleland EE, Davies KF, Firn J, W. Harpole S, Hautier Y, Lind EM, MacDougall AS, Orrock JL, Prober SM, Peter Adler PM, Anderson TM, Bakker JD, Biederman LA, Blumenthal DM, Gruner DS, Hagenah N, Hector A, Hillebrand H, Hofmockel KS, Humphries HC, Jin VL, Kay A, Kirkman KP,\u00a0<strong>Klein JA,<\/strong>Knops JMH,\u00a0 La Pierre KJ, Ladwig L, Lambrinos JG,\u00a0 Li Q, Li W, Marushia R, McCulley RL, Melbourne BA, Mitchell CE, Moore JL, Morgan J, Mortensen B, O\u2019Halloran LR, Pyke DA, Risch AC, Sankaran M, Schuetz M, Simonsen A, Smith MD, Stevens CJ, Sullivan L, Wolkovich E, Wragg PD, Wright J &amp; Yang L. (2015) Plant species\u2019 origin predicts dominance and response to nutrient enrichment and herbivores in global grasslands.\u00a0<em>Nature Communications<\/em>, 6:7710 | DOI: 10.1038\/ncomms8710.<\/p>\n<p>Fay PA, SM Prober, WS Harpole, JMH Knops, JD Bakker, ET Borer, EM. Lind, AS MacDougall, EW Seabloom, PD. Wragg, PB. Adler, DM. Blumenthal, YM Buckley, C Chu, EE Cleland, SL Collins, KF Davies, Guozhen Du, X Feng, J Firn, DS Gruner, N Hagenah, Y Hautier, RW Heckman, VL Jin, KP Kirkman,\u00a0<strong>J Klein<\/strong>, LM Ladwig, Qi Li, RL McCulley, BA Melbourne, CE Mitchell, JL Moore, JW Morgan, AC Risch, M Sch\u00fctz, CJ Stevens, DA Wedin, LH Yang. (2015) Grassland productivity limited by multiple nutrients.\u00a0<em>Nature Plants<\/em>, 1(17), 15080.\u00a0<a href=\"http:\/\/doi.org\/10.1038\/nplants.2015.80\">http:\/\/doi.org\/10.1038\/nplants.2015.80<\/a>.<\/p>\n<p><strong>Klein, J.A.,<\/strong> Hopping, K.A., Yeh, E.T., Nyima, Y., Boone, R.B., Galvin, K.A. (2014) Unexpected climate impacts on the Tibetan Plateau: Local and scientific knowledge in findings of delayed summer. <em>Global Environmental Change<\/em> 28, 141-152.<\/p>\n<p>Yeh, E., Nyima, Y., Hopping, K., <strong>Klein, J.A.<\/strong> (2014) Tibetan Pastoralists\u2019 Vulnerability to Climate Change: A Political Ecology Analysis of Snowstorm Coping Capacity. <em>Human Ecology<\/em> 42, 61-74.<\/p>\n<p>Balgopal, M.M., <strong>Klein, J.A.,<\/strong> Brown, C.S., McMeeking, L.B.S., Morgan, J.A., Frasier, W.M. (2014) Linking Biophysical, Socioeconomic, and Political Effects of Climate Change on Agro-Ecosystems. Journal of Geoscience Education 62, 343\u2013352.<\/p>\n<p>Hautier, Y., Seabloom, E., Borer, E., Adler, P., Harpole, W.S., Hillebrand, H., Lind, E., MacDougall, A., Stevens, C., Bakker, J., Buckley, Y., Chu, C., Collins, S., Daleo, P., Damschen, E., Davies, K., Fay, P., Firn, J., Gruner, D., Jin, V., <strong>Klein, J.A.<\/strong> , La Pierre, K., Li, W., McCulley, R., Melbourne, B., O&#8217;Halloran, L., Prober, S., Risch, A., Sankaran, M., Schuetz, M., Hector, A., Moore, J.L., Ohalloran, L. (2014) Eutrophication weakens stabilizing effects of diversity in natural grasslands. <em>Nature<\/em> 508, 521-525.<\/p>\n<p>Dorji, T., Moe, S., <strong>Klein, J.A<\/strong>., Totland, O., Totland, \u00d8. (2014) Plant Species Richness, Evenness, and Composition along Environmental Gradients in an Alpine Meadow Grazing Ecosystem in Central Tibet, China. <em>Arctic, Antarctic, and Alpine Research<\/em> 46, 308-326.<\/p>\n<p>Borer, E., Seabloom, E., Gruner, D., Harpole, W.S., Hillebrand, H., Lind, E., Adler, P., Alberti, J., Anderson, T.M., Bakker, J., Biederman, L., Blumenthal, D., Brown, C., Brudvig, L., Buckley, Y., Cadotte, M., Chu, C., Cleland, E., Crawley, M., Daleo, P., Damschen, E., Davies, K., DeCrappeo, N., Du, G., Firn, J., Hautier, Y., Heckman, R., Hector, A., HilleRisLambers, J., Iribarne, O., <strong>Klein, J.A. <\/strong>\u00a0La Pierre, K., Li, W., MacDougall, A., Melbourne, B., Moore, J., Mortensen, B., O&#8217;Halloran, L., Orrock, J., Pascual, J.s., Prober, S., Pyke, D., Risch, A., Schuetz, M., Smith, M., Stevens, C., Sullivan, L., Williams, R., Wragg, P., Wright, J., Yang, L., McCulley, R.L., Mitchell, C.E. (2014) Herbivores and nutrients control grassland plant diversity via light limitation. <em>Nature<\/em> 508, 517-520.<\/p>\n<p>Seabloom, E., Borer, E., Buckley, Y., Cleland, E., Davies, K., Firn, J., Harpole, W.S., Hautier, Y., Lind, E., MacDougall, A., Orrock, J., Prober, S., Adler, P., Alberti, J., Anderson, T.M., Bakker, J., Biederman, L., Blumenthal, D., Brown, C., Brudvig, L., Caldeira, M., Chu, C., Crawley, M., Daleo, P., Damschen, E., D&#8217;Antonio, C., DeCrappeo, N., Dickman, C., Du, G., Fay, P., Frater, P., Gruner, D., Hagenah, N., Hector, A., Helm, A., Hillebrand, H., Hofmockel, K., Humphries, H., Iribarne, O., Jin, V., Kay, A., Kirkman, K., <strong>Klein, J.A<\/strong>. , Li, Q., La Pierre, K., Ladwig, L., Lambrinos, J., Li, W., McCulley, R., Melbourne, B., Moore, J., Morgan, J., Mortensen, B., O&#8217;Halloran, L., P\u00c3\u00a4rtel, M., Pascual, J.s., Pyke, D., Risch, A., Salguero G\u00c3\u00b3mez, R., Sankaran, M., Schuetz, M., Simonsen, A., Smith, M., Stevens, C., Sullivan, L., Wardle, G., Wolkovich, E., Wragg, P., Wright, J., Yang, L., Michael Anderson, T., Mitchell, C.E. (2013) Predicting invasion in grassland ecosystems: is exotic dominance the real embarrassment of richness? <em>Global Change Biology<\/em> 19, 3677-3687.<\/p>\n<p>Oberbauer, S.F., Elmendorf, S.C., Troxler, T.G., Hollister, R.D., Rocha, A.V., Bret Harte, M.S., Dawes, M.A., Fosaa, A.M., H\u00c3\u00b8ye, T.T., Jarrad, F.C., J\u00c3\u00b3nsd\u00c3\u00b3ttir, I.S., Klanderud, K., Molau, U., Rixen, C., Schmidt, N.M., Shaver, G.R., Slider, R.T., Troxler, T.G., Hollister, R.D., Welker, J.M., Bret-Harte, M.S., <strong>Klein, J.A<\/strong>., Hoye, T.T., Jonsdottir, I.S., Totland, O. (2013) Phenological response of tundra plants to background climate variation tested using the International Tundra Experiment. <em>Philosophical transactions &#8211; Royal Society. Biological sciences<\/em> 368, 20120481-20120481.<\/p>\n<p>Hu, J., Hopping, K., Bump, J., Kang, S., <strong>Klein, J.A<\/strong>., Hui, D. (2013) Climate Change and Water Use Partitioning by Different Plant Functional Groups in a Grassland on the Tibetan Plateau. <em>PLoS ONE<\/em> 8, e75503.<\/p>\n<p>Dorji, T., \u00d8. Totland, S. R. Moe, K. A. Hopping, J. Pan, and <strong>J. A. Klein<\/strong>. 2013. Plant functional traits mediate reproductive phenology and success in response to experimental warming and snow addition in Tibet. <em>Global Change Biology<\/em> 19:459-472.<\/p>\n<p>Elmendorf, S.C., G.H.R. Henry, R.D. Hollister, R.G. Bj\u00f6rk, N. Boulanger-Lapointe, E.J. Cooper, J.H.C. Cornelissen, T.A. Day, E. Dorrepaal, T.G. Elumeeva, M. Gill, W.A. Gould, J. Harte, D.S. Hik, A. Hofgaard, D.R. Johnson, J.F. Johnstone, I.S. J\u00f3nsd\u00f3ttir, J.C. Jorgenson, K. Klanderud, <b>J.A. Klein<\/b>, S. Koh, G. Kudo, M. Lara, E. L\u00e9vesque, B. Magn\u00fasson, J.L. May, J.A. Mercado-D\u00edaz, A. Michelsen, U. Molau, I.H. Myers-Smith, S.F. Oberbauer, V.G. Onipchenko, C. Rixen, N.M. Schmidt, G.R. Shaver, M.J. Spasojevic, \u00de.E. \u00de\u00f3rhallsd\u00f3ttir, A. Tolvanen, T. Troxler, C.E. Tweedie, S. Villareal, C.H. Wahren, X. Walker, P.J. Webber, J.M. Welker, and S. Wipf. 2012. Plot-scale evidence of tundra vegetation change and links to recent summer warming. <i>Nature Climate Change<\/i> 2(6):453-457. <a href=\"https:\/\/sites.warnercnr.colostate.edu\/jklein\/wp-content\/uploads\/sites\/108\/2017\/09\/Elmendorf-2012-Nature-CC.pdf\" target=\"_blank\" rel=\"noopener noreferrer\">pdf<\/a><\/p>\n<p>Elmendorf, S. C., G. H. R. Henry, R. D. Hollister, R. G. Bj\u00f6rk, A. D. Bjorkman, T. V. Callaghan, L. S. Collier, E. J. Cooper, J. H. C. Cornelissen, T. A. Day, A. M. Fosaa, W. A. Gould, J. Gr\u00e9tarsd\u00f3ttir, J. Harte, L. Hermanutz, D. S. Hik, A. Hofgaard, F. Jarrad, I. S. J\u00f3nsd\u00f3ttir, F. Keuper, K. Klanderud, <b>J. A. Klein<\/b>, S. Koh, G. Kudo, S. I. Lang, V. Loewen, J. L. May, J. Mercado, A. Michelsen, U. Molau, I. H. Myers-Smith, S. F. Oberbauer, S. Pieper, E. Post, C. Rixen, C. H. Robinson, N. M. Schmidt, G. R. Shaver, A. Stenstr\u00f6m, A. Tolvanen, \u00d8. Totland, T. Troxler, C.-H. Wahren, P. J. Webber, J. M. Welker, and P. A. Wookey. 2012. Global assessment of experimental climate warming on tundra vegetation: heterogeneity over space and time. <i>Ecology Letters<\/i> 15:164-175. <a href=\"https:\/\/sites.warnercnr.colostate.edu\/jklein\/wp-content\/uploads\/sites\/108\/2017\/09\/Elmendorf-2012-Ecol-Letters.pdf\" target=\"_blank\" rel=\"noopener noreferrer\">pdf<\/a><\/p>\n<p>Adler, P. B., E. W. Seabloom, E. T. Borer, H. Hillebrand, Y. Hautier, A. Hector, W. S. Harpole, L.R. O&#8217;Halloran, J. B. Grace, T. M. Anderson, J. D. Bakker, L. A. Biederman, C. S. Brown, Y. M. Buckley, L. B. Calabrese, C. J. Chu, E. E. Cleland, S. L. Collins, K. L. Cottingham, M. J. Crawley, E. I. Damschen, K. F. Davies, N. M. DeCrappeo, P. A. Fay, J. Firn, P. Frater, E. I. Gasarch, D. S. Gruner, N. Hagenah, J. H. R. Lambers, H. Humphries, V. L. Jin, A. D. Kay, K. P. Kirkman, <b>J. A. Klein<\/b>, J. M. H. Knops, K. J. La Pierre, J. G. Lambrinos, W. Li, A. S. MacDougall, R. L. McCulley, B. A. Melbourne, C. E. Mitchell, J. L. Moore, J. W. Morgan, B. Mortensen, J. L. Orrock, S. M. Prober, D. A. Pyke, A. C. Risch, M. Schuetz, M. D. Smith, C. J. Stevens, L. L. Sullivan, G. Wang, P. D. Wragg, J. P. Wright, and L. H. Yang. 2011. Productivity is a poor predictor of plant species richness. <i>Science<\/i> 333(6050):1750-1753. <a href=\"https:\/\/sites.warnercnr.colostate.edu\/jklein\/wp-content\/uploads\/sites\/108\/2017\/09\/Science-2011-Adler-1750-3.pdf\" target=\"_blank\" rel=\"noopener noreferrer\">pdf<\/a><\/p>\n<p>Berdanier, A. B., and <b>J. A. Klein<\/b>. 2011. Growing season length and soil moisture interactively constrain high elevation aboveground net primary production. <i>Ecosystems<\/i> 14(6):963-974. <a href=\"https:\/\/sites.warnercnr.colostate.edu\/jklein\/wp-content\/uploads\/sites\/108\/2017\/09\/Berdanier-and-Klein-2011-Ecosystems.pdf\" target=\"_blank\" rel=\"noopener noreferrer\">pdf<\/a><\/p>\n<p><b>Klein, J. A. <\/b>, M. Fernandez-Gimenez, H. Wei, Y. Changqing, L. Du, D. Dorligsuren, R. Reid. 2011. A Participatory Framework for Building Resilient Social-Ecological Pastoral Systems, In: editors, M. Fernandez-Gimenez, R. Reid, J.A. Klein, X.Y. Wang, B. Baival. Restoring Community Connections to the Land: Building Resilience through Community-based Rangeland Management in China and Mongolia. CABI Publishers, pp. 3-36. <a href=\"https:\/\/sites.warnercnr.colostate.edu\/jklein\/wp-content\/uploads\/sites\/108\/2017\/09\/Klein-2011-Participatory-framework.pdf\" target=\"_blank\" rel=\"noopener noreferrer\">pdf<\/a><\/p>\n<p><b>Klein, J. A.<\/b> 2011. On the Spot: On the Tibetan Plateau. In: S.E. Campbell, The Face of the Earth: Natural Landscapes, Science, and Culture, University of California Press, pp. 267-270.<\/p>\n<p><b>Klein, J. A.<\/b>, E.T. Yeh, J.K. Bump, Y. Nyima, K.A. Hopping. 2011. Coordinating environmental protection and climate change adaptation policy in resource-dependent communities: a case study from the Tibetan Plateau. In: editors, J.D. Ford and L. Berrang-Ford. Climate change adaptation in developed nations. Springer-Verlag, pp. 423-438. <a href=\"https:\/\/sites.warnercnr.colostate.edu\/jklein\/wp-content\/uploads\/sites\/108\/2017\/09\/Klein-2011-Adaptation-in-Developed.pdf\" target=\"_blank\" rel=\"noopener noreferrer\">pdf<\/a><\/p>\n<p>Firn, J., J. L. Moore, A. S. MacDougall, E. T. Borer, E. W. Seabloom, J. HilleRisLambers, W. S. Harpole, E. E. Cleland, C. S. Brown, J. M. H. Knops, S. M. Prober, D. A. Pyke, K. A. Farrell, J. D. Bakker, L. R. O&#8217;Halloran, P. B. Adler, S. L. Collins, C. M. D&#8217;Antonio, M. J. Crawley, E. M. Wolkovich, K. J. La Pierre, B. A. Melbourne, Y. Hautier, J. W. Morgan, A. D. B. Leakey, A. Kay, R. McCulley, K. F. Davies, C. J. Stevens, C. J. Chu, K. D. Holl, <b>J. A. Klein<\/b>, P. A. Fay, N. Hagenah, K. P. Kirkman, and Y. M. Buckley. 2011. Abundance of Introduced Species at Home Predicts Abundance Away in Herbaceous Communities. <i>Ecology Letters<\/i> 14(3):274-81. <a href=\"https:\/\/sites.warnercnr.colostate.edu\/jklein\/wp-content\/uploads\/sites\/108\/2017\/09\/Firn-et-al-2011-Ecol-Lett.pdf\" target=\"_blank\" rel=\"noopener noreferrer\">pdf<\/a><\/p>\n<p>Secretariat of the Convention on Biological Diversity. 2009. Connecting Biodiversity and Climate Change Mitigation and Adaptation: Report of the Second Ad Hoc Technical Expert Group on Biodiversity and Climate Change (including <b>J.A. Klein<\/b>). Montreal, Technical Series No. 41, pp.126. <a href=\"https:\/\/sites.warnercnr.colostate.edu\/jklein\/wp-content\/uploads\/sites\/108\/2017\/09\/UN-Biodiversity-UNFCCC-2009-No41.pdf\" target=\"_blank\" rel=\"noopener noreferrer\">pdf<\/a><\/p>\n<p>Haihu, S., <b>J.A. Klein<\/b>, X.Q. Zhao, and Y. Tang. 2009. Leaf photosynthesis and simulated carbon budget of Gentiana straminea from a decade-long warming experiment. <i>Journal of Plant Ecology<\/i> 2: 207-216. <a href=\"https:\/\/sites.warnercnr.colostate.edu\/jklein\/wp-content\/uploads\/sites\/108\/2017\/09\/Shen-2009-JPlantEcology.pdf\" target=\"_blank\" rel=\"noopener noreferrer\">pdf<\/a><\/p>\n<p><b>Klein, J. A.<\/b>, J. Harte, and X.Q. Zhao. 2008. Decline in medicinal and forage species with warming is mediated by plant traits on the Tibetan Plateau. <i>Ecosystems<\/i> 11(5):775-789. <a href=\"https:\/\/sites.warnercnr.colostate.edu\/jklein\/wp-content\/uploads\/sites\/108\/2017\/09\/Klein-2008-Ecosystems.pdf\" target=\"_blank\" rel=\"noopener noreferrer\">pdf<\/a><\/p>\n<p>Shen, M., Y. Tang, <b>J. Klein<\/b>, P. Zhang, S. Gu, A. Shimono and J. Chen. 2008. Estimation of aboveground biomass using in situ hyperspectral measurements in five major grassland ecosystems on the Tibetan Plateau. <i>J. Plant Ecology<\/i> 1(4):247-257. <a href=\"https:\/\/sites.warnercnr.colostate.edu\/jklein\/wp-content\/uploads\/sites\/108\/2017\/09\/Shen-2008-JPlantEcology.pdf\" target=\"_blank\" rel=\"noopener noreferrer\">pdf<\/a><\/p>\n<p>Cornwell, W. K., J. H. C. Cornelissen, K. Amatangelo, E. Dorrepaal, V.T. Eviner, O. Godoy, S.E. Hobbie, B. Hoorens, H. Kurokawa, N. Perez-Harguindeguy, H.M. Quested, L.S. Santiago, D.A. Wardle, I.J. Wright, R. Aerts, S.D. Allison, P. van Bodegom, V. Brovkin, A. Chatain, T.V. Callaghan, S. Diaz, E. Garnier, D.E. Gurvich, E. Kazakou, <b>J.A. Klein<\/b>, J. Read, P.B. Reich, N.A. Soudzilovskaia, M.V. Vaieretti, and M. Westoby. 2008. Plant species traits are the predominant control on litter decomposition rates within biomes worldwide. <i>Ecology Letters<\/i> 11:1065-1071. <a href=\"https:\/\/sites.warnercnr.colostate.edu\/jklein\/wp-content\/uploads\/sites\/108\/2017\/09\/Cornwell-2008-Ecologyltrs.pdf\" target=\"_blank\" rel=\"noopener noreferrer\">pdf<\/a><\/p>\n<p><b>Klein, J. A.<\/b>, J. Harte &amp; X.Q. Zhao. (2007) Experimental warming, not grazing, decreases rangeland quality on the Tibetan Plateau. <i>Ecological Applications<\/i> 17(2): 541-557. <a href=\"https:\/\/sites.warnercnr.colostate.edu\/jklein\/wp-content\/uploads\/sites\/108\/2017\/09\/Klein-et-al-EA-2007.pdf\" target=\"_blank\" rel=\"noopener noreferrer\">pdf<\/a><\/p>\n<p>Cornelissen J.H.C., van Bodegom P.M., Aerts R., Callaghan T.V., van Logtestijn R.S.P., Alatalo J., Chapin F.S., Gerdol R., Gudmundsson J., Gwynn-Jones D., Hartley A.E., Hik D.S., Hofgaard A., J\u00f3nsd\u00f3ttir I.S., Karlsson S., <b>Klein, J.A.<\/b>, Laundre J., Magnusson B., Michelsen A., Molau U., Onipchenko V.G., Quested H.M., Sandvik S.M., Schmidt I.K., Shaver G.R., Solheim B., Soudzilovskaia N.A., Stenstr\u00f6m A., Tolvanen A., Totland \u00d8., Wada N., Welker J.M. &amp; Zhao X.Q. (2007) Global negative vegetation feedback to climate warming responses of leaf litter decomposition rates in cold biomes. <i>Ecology Letters<\/i> 10(7): 619-627. <a href=\"https:\/\/sites.warnercnr.colostate.edu\/jklein\/wp-content\/uploads\/sites\/108\/2017\/09\/Cornelissen-EL-2007.pdf\" target=\"_blank\" rel=\"noopener noreferrer\">pdf<\/a><\/p>\n<p>Walker M.D., Wahren C.H., Hollister R.D., Henry G.H.R., Ahlquist L.E., Alatalo J.M., Bret-Harte M.S., Calef M.P., Callaghan T.V., Carroll A.B., Epstein H.E., J\u00f3nsd\u00f3ttir I.S., <b>Klein, J.A.<\/b>, Magn\u00fasson B., Molau U., Oberbauer S.F., Rewa S.P., Robinson C.H., Shaver G.R., Suding K.N., Thompson C.C., Tolvanen A., Totland \u00d8., Turner P.L., Tweedie C.E., Webber P.J. &amp; Wookey P.A. (2006) Plant community responses to experimental warming across the tundra biome. <i>Proceedings of the National Academy of Sciences<\/i> 103(5): 1342-1346. <a href=\"https:\/\/sites.warnercnr.colostate.edu\/jklein\/wp-content\/uploads\/sites\/108\/2017\/09\/Walker-et-al-PNAS-2006.pdf\" target=\"_blank\" rel=\"noopener noreferrer\">pdf<\/a><\/p>\n<p><b>Klein, J. A.<\/b>, J. Harte &amp; X.Q. Zhao. (2005) Dynamic and complex microclimate responses to warming and grazing manipulations. <i>Global Change Biology<\/i> 11(9): 1440-1451. <a href=\"https:\/\/sites.warnercnr.colostate.edu\/jklein\/wp-content\/uploads\/sites\/108\/2017\/09\/Klein-GCB-2005.pdf\" target=\"_blank\" rel=\"noopener noreferrer\">pdf<\/a><\/p>\n<p>Sun P., X.Q. Zhao, <b>J.A. Klein<\/b> and W.H. Wei. 2005. Local warming about 1.3 degrees C in alpine meadow has no effect on root vole (Microtus oeconomus L.) population during winter. <i>Polish Journal of Ecology<\/i>, 53(1):123-127. <a href=\"https:\/\/sites.warnercnr.colostate.edu\/jklein\/wp-content\/uploads\/sites\/108\/2017\/09\/ar53_1_12.pdf\" target=\"_blank\" rel=\"noopener noreferrer\">pdf<\/a><\/p>\n<p><b>Klein, J. A.<\/b>, J. Harte &amp; X.Q. Zhao. (2004) Experimental warming causes large and rapid species loss, dampened by simulated grazing, on the Tibetan Plateau. <i>Ecology Letters<\/i> 7(12): 1170-1179. <a href=\"https:\/\/sites.warnercnr.colostate.edu\/jklein\/wp-content\/uploads\/sites\/108\/2017\/09\/Klein-2004-EcoLtrs.pdf\" target=\"_blank\" rel=\"noopener noreferrer\">pdf<\/a><\/p>\n<\/div>\n<\/div>\n<p>[\/vc_column_text][\/vc_column][\/vc_row]<\/p>\n<\/div>","protected":false},"excerpt":{"rendered":"<p>Selected Publications Google Scholar Citations Site Klein, J.A.,Tucker, CM, Nolin, Hopping, KA, Reid, RS, Steger, C. Gr\u00eat-Regamey, A., Lavorel, S., Weibel, B., Brunner, SH, M\u00fcller, B., Yeh, ET., Boone, RB, Bougeron, P., Bustic, V., Castellanos, E., Chen, X., Dong, SK, Greenwood, G., Keiler, M., Marchant, R.,\u00a0 Roman Seidl, R., Spies, T., Thorn, J., Yager, K. &hellip; <\/p>\n<p class=\"link-more\"><a href=\"https:\/\/sites.warnercnr.colostate.edu\/jklein\/publications\/\" class=\"more-link\">Continue reading<span class=\"screen-reader-text\"> &#8220;Publications&#8221;<\/span><\/a><\/p>\n","protected":false},"author":79,"featured_media":0,"parent":0,"menu_order":0,"comment_status":"closed","ping_status":"closed","template":"","meta":{"footnotes":""},"class_list":["post-11","page","type-page","status-publish","hentry"],"_links":{"self":[{"href":"https:\/\/sites.warnercnr.colostate.edu\/jklein\/wp-json\/wp\/v2\/pages\/11","targetHints":{"allow":["GET"]}}],"collection":[{"href":"https:\/\/sites.warnercnr.colostate.edu\/jklein\/wp-json\/wp\/v2\/pages"}],"about":[{"href":"https:\/\/sites.warnercnr.colostate.edu\/jklein\/wp-json\/wp\/v2\/types\/page"}],"author":[{"embeddable":true,"href":"https:\/\/sites.warnercnr.colostate.edu\/jklein\/wp-json\/wp\/v2\/users\/79"}],"replies":[{"embeddable":true,"href":"https:\/\/sites.warnercnr.colostate.edu\/jklein\/wp-json\/wp\/v2\/comments?post=11"}],"version-history":[{"count":15,"href":"https:\/\/sites.warnercnr.colostate.edu\/jklein\/wp-json\/wp\/v2\/pages\/11\/revisions"}],"predecessor-version":[{"id":253,"href":"https:\/\/sites.warnercnr.colostate.edu\/jklein\/wp-json\/wp\/v2\/pages\/11\/revisions\/253"}],"wp:attachment":[{"href":"https:\/\/sites.warnercnr.colostate.edu\/jklein\/wp-json\/wp\/v2\/media?parent=11"}],"curies":[{"name":"wp","href":"https:\/\/api.w.org\/{rel}","templated":true}]}}